-941, -16 = 2*h - 0*h. What is the highest common divisor of r and a?
13
Let z(i) = i**2 - i - 4. Let y be z(4). Let s be y + 150/(-18) + 97/3. Calculate the highest common divisor of s and 208.
16
Suppose -3*s = d - 77, -44 = -56*s + 55*s - 2*d. Let r(b) = -b**2 - 6*b + 6. Let x be r(-5). What is the greatest common factor of x and s?
11
Let u be ((-63)/6)/((-39)/6 - -5). Suppose u*d - 1728 = -d. What is the highest common divisor of 24 and d?
24
Let o = -38 + 60. Let t(f) = 30*f - 228. Let z be t(8). Calculate the greatest common divisor of z and o.
2
Suppose 52*h - 47*h + d - 8509 = 0, 4*d = 4*h - 6788. What is the greatest common divisor of h and 21?
21
Suppose -175*d = -178*d + 2*j + 194, -2*j - 8 = 0. Calculate the greatest common factor of d and 837.
31
Let j(t) = -4*t. Let k be j(-1). Let w be (-13902)/(-1554) - -35 - 2/(-37). Calculate the greatest common factor of w and k.
4
Suppose 4*s + b - 1008 = -b, -2*b = -4*s + 1008. Suppose -3*d = 3*i - 153, -3*d - 2*d - 2*i = -s. Calculate the highest common divisor of d and 125.
25
Suppose 86*m - 370006 = -128*m. What is the greatest common divisor of 2261 and m?
133
Let j = -5639 + 5655. What is the greatest common factor of 28 and j?
4
Let x be (((-16)/5)/(-4))/(12/27900). Suppose -257*g + x = -251*g. What is the greatest common factor of 10 and g?
10
Suppose -56*p + 58*p + 2*t - 434 = 0, p = 3*t + 245. What is the greatest common factor of 656 and p?
16
Let f(r) = 43*r - 140. Let c be f(-39). Let b be c/(-46) - 2/(-4). What is the highest common divisor of 320 and b?
40
Suppose 5*z = -3*g + 185, 3*g = -6 - 9. Suppose -34*u = -z*u - 2268. Let q be (1*3)/(371/u - -1). Calculate the greatest common factor of 18 and q.
18
Let t be (-4)/(-8)*(4 + 0). Suppose 0 = 6*v + v - t*v. Let i(m) = 10*m + 21. Let d be i(v). What is the greatest common divisor of 231 and d?
21
Let o = -16 + 39. Suppose 4*b - 3*i = o, -2*i - 2*i - 20 = 0. Suppose -2*p - b*c = -14, -4*p + c + c + 10 = 0. What is the greatest common factor of 20 and p?
4
Let i = -27 - -40. Suppose 5*x + 4*p = 448, 4*x - i*p + 14*p = 365. Calculate the highest common divisor of x and 69.
23
Let a(d) = 2*d**3 + 86*d**2 + 497*d - 129. Let n be a(-36). Let y = -150 - -232. Calculate the greatest common divisor of y and n.
41
Suppose -124*t + 111*t + 26 = 0. Let f be 2 - (-13 + -17)/(t/1). Calculate the highest common divisor of 289 and f.
17
Suppose -3*p = -3*b - 75, 101 + 4 = 4*p - 5*b. Suppose 5*c - p = 0, 0*c + 3*c = -h + 220. Calculate the greatest common factor of h and 52.
52
Let l(b) = -7*b - 74. Let o be l(-16). Let f be 4/(-2 - (-80)/o). What is the greatest common divisor of 342 and f?
38
Let i be 10 - (-5 - -12) - -17. What is the greatest common factor of i and 9820?
20
Suppose 496182 = 162*d - 1996831 - 474827. What is the greatest common divisor of d and 80?
80
Let f(w) = 5*w**2 + 22*w - 8. Let r be f(-5). Let s be (-7)/(7/10) + 0. Let q be (-15)/r*70/s. What is the greatest common divisor of q and 6?
3
Let f = 37 + 250. Let a = 307 - f. What is the highest common divisor of 60 and a?
20
Suppose -532*j = -1075*j + 538*j + 255. What is the highest common factor of 68 and j?
17
Let l(z) = -z**2 - 6*z - 3. Let p be l(-4). Let t = -3 + p. Suppose -3*a + 47 - 20 = 21. What is the greatest common divisor of t and a?
2
Let l(u) = 2*u**3 - 91*u**2 + 16*u + 1413. Let h be l(45). Suppose -5*f + 2376 + 54 = 0. Calculate the highest common divisor of h and f.
54
Let s(y) = -27*y - 14. Let h be (-2 + 6)*8/(-32). Let q be s(h). Calculate the highest common factor of 416 and q.
13
Let n be (-4214944)/(-2140) + ((-8)/5 - -2). Calculate the highest common factor of n and 110.
10
Suppose 2*b - 3*d - 5 - 22 = 0, 0 = -4*b + 3*d + 45. Suppose -b*j + 5*j = -512. Let y = 26 + j. What is the greatest common divisor of y and 22?
22
Let n = 20 + -2. Suppose -n = 3*c - 21. Let a be c*(10 - (-20)/5). What is the highest common divisor of a and 154?
14
Let o(y) = -y**3 - 40*y**2 + 32*y + 47. Suppose 2*k + 164 = 82. Let c be o(k). Calculate the highest common factor of 32 and c.
32
Suppose 49*r = 89*r - 4565 - 4395. Calculate the greatest common factor of r and 252.
28
Let c be ((-5)/(-2) - 3) + (-645)/(-30). Suppose -29*d = -c*d - 448. Suppose 4*l - 35 = -g, 0*l - 4*l + 41 = 3*g. What is the greatest common factor of d and l?
8
Let n(z) = z + 471. Let h be n(-42). Calculate the highest common divisor of 5291 and h.
143
Let f(r) = -r**3 + 18*r**2 - 60*r - 85. Let y be f(9). Let z be 13 - 0/(3 - 2). Calculate the greatest common divisor of z and y.
13
Suppose -2*a + 3*a - 2 = 0. Suppose 227 = a*b - 93. Let g = -348 + 368. What is the greatest common factor of g and b?
20
Let t be (-3 + 15/7)*(-14)/4. Suppose -7*y + t*y = -12. Suppose 0 = y*v + v - u - 7, v + 3*u = -8. Calculate the greatest common divisor of v and 11.
1
Let o = 2 + 27. Let l = o - -3. Let p be 4/(l/(-108))*10/(-3). Calculate the greatest common factor of p and 15.
15
Let x = -31788 + 32074. Suppose -s + 2 + 41 = -5*u, 4*u + 8 = 0. What is the highest common divisor of s and x?
11
Let w(u) = u**2 + 3*u + 10. Let q be w(0). Suppose -3*c + 6 = 0, -15*b + q*b = c - 2767. Calculate the highest common divisor of b and 7.
7
Let v be (-1)/3 + 16/3. Suppose 0 = -3*i - t + 6*t - 292, i + v*t + 84 = 0. Let m = 103 + i. Calculate the highest common divisor of 63 and m.
9
Suppose 0 = 2*m + 54*m - 5*m - 1632. Calculate the highest common factor of m and 1912.
8
Suppose j - 3*t - 8 = 0, 25 - 1 = -2*j - 2*t. Let h be -6 + -1 + 2 + (j - -72). What is the greatest common factor of 100 and h?
20
Let l(m) be the third derivative of m**5/60 + 7*m**4/24 + 8*m**3/3 + 3*m**2 - 5*m. Let c be l(-7). Calculate the highest common divisor of 2 and c.
2
Suppose -5*j + 155 = -0*j. Let x be (-33374)/(-154) - 8/(-28). What is the greatest common divisor of j and x?
31
Let y be 8/(-96) - -1*4/48 - -1656. Calculate the highest common factor of 252 and y.
36
Let l be 4/2 - (2 + -2 - 2). Let p be (l/9)/2 + (-50)/(-18). Let j(k) = -k**3 + 3*k**2 + 3*k + 3. Let x be j(p). What is the highest common factor of 3 and x?
3
Let u be 1 + -3 + -12 + 4. Let k be 7/(-1 - 15/u). Let t = 11 + k. Calculate the greatest common divisor of 100 and t.
25
Suppose 21*k = -9*k + 3*k. Suppose -5*f + 369 + 81 = k. Suppose -4*t = 26 - 62. What is the highest common factor of f and t?
9
Suppose 0 = 2*i - z + 2101, -2*i + 52*z - 49*z - 2111 = 0. Let v be (-3)/30*-6 - i/20. Calculate the highest common divisor of v and 583.
53
Suppose 4*y - 344 = r, -17 - 51 = -y - 2*r. What is the highest common factor of 7672 and y?
28
Let n = -1026 + 1061. Let h(r) = 13*r + 2. Let a be h(2). Calculate the greatest common divisor of a and n.
7
Suppose 25*f - 179 - 97 = 374. Suppose -h + 88 = -4*n, 4*h - n = n + 408. Calculate the greatest common factor of f and h.
26
Let q be (-6)/(-4) + (-442)/(-4). Let n be ((-105)/28)/(((-36)/224)/3). Calculate the highest common factor of n and q.
14
Let u be 158/1 - 54/27. Suppose -72 = -j + 2*s, -5*j + 3*j + s + u = 0. Calculate the highest common divisor of 10 and j.
10
Let u be 1 + (3 - 1)*1. Let f be u/(3/(-1)) - -16. Let y be 55/((2/5)/((-372)/(-310))). Calculate the greatest common factor of y and f.
15
Let s(p) = 33*p**2 + 15*p + 25. Let c be s(-2). Let t = 193 - c. Calculate the greatest common factor of t and 2.
2
Let n = -1810 + 1830. Let i(j) = j - 2. Let l be i(-4). Let h(b) = 5*b**2 - 8*b - 8. Let t be h(l). Calculate the highest common factor of t and n.
20
Let r(n) = 2*n**3 - 107*n**2 - 47*n - 171. Let d be r(54). What is the greatest common divisor of 3174 and d?
69
Suppose a - 3*o + 172 = 592, -3*o + 1725 = 4*a. What is the highest common factor of 117 and a?
39
Suppose 4*b = -68 - 28. Let z be 36/b*(0 - 90). What is the greatest common factor of 45 and z?
45
Suppose 132 = -188*m + 190*m + 3*o, -3*m - 3*o = -189. Calculate the greatest common divisor of 12 and m.
3
Suppose 89 = r + 2*r + 2*x, -3*x = -r + 48. Let w be (r/(-2))/(36/(-48)). What is the greatest common factor of w and 198?
22
Let x = 314 - 444. Let s be 2/4 + x/(-20). What is the greatest common factor of 161 and s?
7
Let j(c) = -5*c - 12. Let q be j(-9). Suppose -2*s + 16 = i, 11*s + 3*i = 13*s - 40. What is the greatest common divisor of s and q?
1